{"id":245,"date":"2024-05-21T11:35:41","date_gmt":"2024-05-21T09:35:41","guid":{"rendered":"https:\/\/villakerascoet.com\/?page_id=245"},"modified":"2024-05-21T11:50:34","modified_gmt":"2024-05-21T09:50:34","slug":"a-visiter","status":"publish","type":"page","link":"https:\/\/villakerascoet.com\/?page_id=245","title":{"rendered":"A visiter"},"content":{"rendered":"<div class=\"wpb-content-wrapper\"><p>[vc_row css=&#8221;.vc_custom_1716281337601{margin-top: 100px !important;}&#8221;][vc_column align=&#8221;text-center&#8221;]<header class=\"fancy-title text-center ld_section_title_69dc1df157184\">\n\t<h2>Les lieux \u00e0 visiter<\/h2>\t\t<\/header>[vc_column_text css=&#8221;&#8221;]Nous nous ferons un plaisir de vous conseiller pour vos balades, visites, restaurants\u2026 Nous sommes \u00e0 votre disposition pour effectuer les r\u00e9servations si n\u00e9cessaire avant votre arriv\u00e9e ou pendant votre s\u00e9jour.[\/vc_column_text][\/vc_column][\/vc_row][vc_row css=&#8221;.vc_custom_1716284220576{margin-top: 40px !important;}&#8221;][vc_column]<header class=\"fancy-title ld_section_title_69dc1df15746d\">\n\t<h2>Les plages<\/h2>\t\t<div class=\"st-desc\"><p>N\u00e9vez a la chance d\u2019avoir 4 plages aussi diff\u00e9rentes que magnifiques. Rospico et Tahiti sont les 2 plages les plus proches (10 min \u00e0 pied environ). Profitez de votre visite \u00e0 Port-Manech pour aller \u00e0 la plage de Saint-Nicolas, abrit\u00e9e des vents. Vous pourrez admirer de somptueux couchers de soleil \u00e0 la plage de Dourveil. Il y est \u00e9galement possible de prendre des cours de surf si les conditions le permettent.<\/p>\n<\/div><\/header>[\/vc_column][\/vc_row][vc_row css=&#8221;.vc_custom_1716281741869{margin-top: 40px !important;}&#8221;][vc_column width=&#8221;1\/3&#8243; align=&#8221;text-center&#8221;][vc_single_image image=&#8221;197&#8243; img_size=&#8221;medium&#8221; css=&#8221;&#8221;][\/vc_column][vc_column width=&#8221;1\/3&#8243; align=&#8221;text-center&#8221;][vc_single_image image=&#8221;171&#8243; img_size=&#8221;medium&#8221; css=&#8221;&#8221;][\/vc_column][vc_column width=&#8221;1\/3&#8243; align=&#8221;text-center&#8221;][vc_single_image image=&#8221;169&#8243; img_size=&#8221;medium&#8221; css=&#8221;&#8221;][\/vc_column][\/vc_row][vc_row css=&#8221;.vc_custom_1716284220576{margin-top: 40px !important;}&#8221;][vc_column]<header class=\"fancy-title ld_section_title_69dc1df15751b\">\n\t<h2>Les villages de chaumi\u00e8res<\/h2>\t\t<div class=\"st-desc\"><p>N\u00e9vez compte 2 villages de chaumi\u00e8res : Kerasco\u00ebt, \u00e0 2 pas de la villa, tr\u00e8s touristique, et Kercanic sur la route de Dourveil, plus discret et pourtant tout aussi pittoresque.<\/p>\n<\/div><\/header>[\/vc_column][\/vc_row][vc_row css=&#8221;.vc_custom_1716281741869{margin-top: 40px !important;}&#8221;][vc_column width=&#8221;1\/3&#8243; align=&#8221;text-center&#8221;][vc_single_image image=&#8221;198&#8243; img_size=&#8221;medium&#8221; css=&#8221;&#8221;][\/vc_column][vc_column width=&#8221;1\/3&#8243; align=&#8221;text-center&#8221;][vc_single_image image=&#8221;177&#8243; img_size=&#8221;medium&#8221; css=&#8221;&#8221;][\/vc_column][vc_column width=&#8221;1\/3&#8243; align=&#8221;text-center&#8221;][vc_single_image image=&#8221;163&#8243; img_size=&#8221;medium&#8221; css=&#8221;&#8221;][\/vc_column][\/vc_row][vc_row css=&#8221;.vc_custom_1716284220576{margin-top: 40px !important;}&#8221;][vc_column]<header class=\"fancy-title ld_section_title_69dc1df1575a2\">\n\t<h2>Port-Manech<\/h2>\t\t<div class=\"st-desc\"><p>Accessible par le sentier c\u00f4tier (\u00e0 1h de marche environ de notre villa), Port-Manech est situ\u00e9 \u00e0 l\u2019embouchure de l\u2019Aven et du Belon. En prolongeant un peu votre balade, vous arriverez \u00e0 la plage de Saint-Nicolas et ses fameuses cabines de plage. De l\u00e0, vous aurez la possibilit\u00e9 de louer des kayacs ou des paddles pour remonter l\u2019Aven mais aussi des bateaux \u00e0 moteur (avec ou sans permis) ou \u00e0 voile.<\/p>\n<\/div><\/header>[\/vc_column][\/vc_row][vc_row css=&#8221;.vc_custom_1716284220576{margin-top: 40px !important;}&#8221;][vc_column]<header class=\"fancy-title ld_section_title_69dc1df157639\">\n\t<h2>La Pointe de Tr\u00e9vignon<\/h2>\t\t<div class=\"st-desc\"><p>Situ\u00e9e sur la commune de Tr\u00e9gunc, la pointe de Tr\u00e9vignon vous charmera par son ch\u00e2teau, son phare, son port, ses dunes, sa plage, \u2026 et ses magnifiques couchers de soleil. Vous pouvez facilement vous y rendre en v\u00e9lo en longeant la mer. C\u2019est \u00e9galement le point le plus proche pour embarquer vers l\u2019archipel des Gl\u00e9nan.<\/p>\n<\/div><\/header>[\/vc_column][\/vc_row][vc_row css=&#8221;.vc_custom_1716281741869{margin-top: 40px !important;}&#8221;][vc_column width=&#8221;1\/3&#8243; align=&#8221;text-center&#8221;][vc_single_image image=&#8221;176&#8243; img_size=&#8221;medium&#8221; css=&#8221;&#8221;][\/vc_column][vc_column width=&#8221;1\/3&#8243; align=&#8221;text-center&#8221;][\/vc_column][vc_column width=&#8221;1\/3&#8243; align=&#8221;text-center&#8221;][\/vc_column][\/vc_row][vc_row css=&#8221;.vc_custom_1716284220576{margin-top: 40px !important;}&#8221;][vc_column]<header class=\"fancy-title ld_section_title_69dc1df1576c3\">\n\t<h2>Pont-Aven<\/h2>\t\t<div class=\"st-desc\"><p>Cit\u00e9e des peintres, Pont-Aven est un lieu incontournable de la r\u00e9gion. Prenez le temps de faire une pause sur les chaos rocheux qu\u2019offre la rivi\u00e8re, de flaner sur la promenade Xavier Grall et le port, de visiter le mus\u00e9e et bien s\u00fbr les nombreuses galeries de peintres ! En remontant sur les hauteurs de la cit\u00e9 par le Bois d\u2019Amour, vous pourrez \u00e9galement visiter la chapelle de Tremalo, qui inspira \u00e0 Gauguin son fameux tableau \u00ab Le Christ Jaune \u00bb.<\/p>\n<\/div><\/header>[\/vc_column][\/vc_row][vc_row css=&#8221;.vc_custom_1716281741869{margin-top: 40px !important;}&#8221;][vc_column width=&#8221;1\/3&#8243; align=&#8221;text-center&#8221;][vc_single_image image=&#8221;173&#8243; img_size=&#8221;medium&#8221; css=&#8221;&#8221;][\/vc_column][vc_column width=&#8221;1\/3&#8243; align=&#8221;text-center&#8221;][vc_single_image image=&#8221;172&#8243; img_size=&#8221;medium&#8221; css=&#8221;&#8221;][\/vc_column][vc_column width=&#8221;1\/3&#8243; align=&#8221;text-center&#8221;][\/vc_column][\/vc_row][vc_row css=&#8221;.vc_custom_1716284220576{margin-top: 40px !important;}&#8221;][vc_column]<header class=\"fancy-title ld_section_title_69dc1df157742\">\n\t<h2>Concarneau<\/h2>\t\t<div class=\"st-desc\"><p>3\u00e8me ville du Finist\u00e8re, Concarneau est une ville portuaire attrayante : plages, commerces, bars &#038; restaurants, halles (grand march\u00e9 le vendredi matin), thalasso, cin\u00e9ma\u2026 Un conseil : garez-vous sur le petit parking de Lanriec (gratuit) et prenez le bac. Cela vous en co\u00fbtera seulement 1\u20ac par personne pour la travers\u00e9e et vous d\u00e9barquerez directement dans la Ville-Close, cit\u00e9 fortifi\u00e9e du XV\u00e8me si\u00e8cle. La promenade sur la Corniche vous m\u00e8nera jusqu\u2019\u00e0 la plage des Sables Blancs, en vous offrant un panorama sur la baie de Concarneau. Concarneau est \u00e9galement le point de d\u00e9part des vedettes direction Les Glenan. N\u2019oubliez pas de visiter le ch\u00e2teau de Keriolet, sur les hauteurs de la ville.<\/p>\n<\/div><\/header>[\/vc_column][\/vc_row][vc_row css=&#8221;.vc_custom_1716281741869{margin-top: 40px !important;}&#8221;][vc_column width=&#8221;1\/3&#8243; align=&#8221;text-center&#8221;][vc_single_image image=&#8221;178&#8243; img_size=&#8221;medium&#8221; css=&#8221;&#8221;][\/vc_column][vc_column width=&#8221;1\/3&#8243; align=&#8221;text-center&#8221;][\/vc_column][vc_column width=&#8221;1\/3&#8243; align=&#8221;text-center&#8221;][\/vc_column][\/vc_row][vc_row css=&#8221;.vc_custom_1716284220576{margin-top: 40px !important;}&#8221;][vc_column]<header class=\"fancy-title ld_section_title_69dc1df1577b8\">\n\t<h2>Archipel des Gl\u00e9nan<\/h2>\t\t<div class=\"st-desc\"><p>Il serait vraiment dommage de ne pas passer une journ\u00e9e sur l\u2019archipel des Gl\u00e9nan. Vous succomberez \u00e0 coup s\u00fbr \u00e0 ces paysages paradisiaques, peut-\u00eatre m\u00eame aurez-vous la chance d\u2019observer des dauphins pendant la travers\u00e9e en b\u00e2teau !<\/p>\n<\/div><\/header>[\/vc_column][\/vc_row][vc_row css=&#8221;.vc_custom_1716281741869{margin-top: 40px !important;}&#8221;][vc_column width=&#8221;1\/3&#8243; align=&#8221;text-center&#8221;][vc_single_image image=&#8221;179&#8243; img_size=&#8221;medium&#8221; css=&#8221;&#8221;][\/vc_column][vc_column width=&#8221;1\/3&#8243; align=&#8221;text-center&#8221;][\/vc_column][vc_column width=&#8221;1\/3&#8243; align=&#8221;text-center&#8221;][\/vc_column][\/vc_row][vc_row equal_height=&#8221;yes&#8221; css=&#8221;.vc_custom_1560327792018{padding-top: 160px !important;padding-bottom: 160px !important;background-color: #f4f4ef !important;}&#8221; el_id=&#8221;findus&#8221;][vc_column enable_content_animation=&#8221;yes&#8221; ca_init_scale_x=&#8221;1&#8243; ca_init_scale_y=&#8221;1&#8243; ca_init_scale_z=&#8221;1&#8243; ca_init_opacity=&#8221;1&#8243; ca_an_scale_x=&#8221;1&#8243; ca_an_scale_y=&#8221;1&#8243; ca_an_scale_z=&#8221;1&#8243; ca_an_opacity=&#8221;1&#8243; offset=&#8221;vc_col-md-offset-2 vc_col-md-8&#8243; css=&#8221;.vc_custom_1559303803616{margin-bottom: 30px !important;padding-right: 15px !important;padding-left: 15px !important;}&#8221; ca_duration=&#8221;1200&#8243; ca_init_translate_y=&#8221;60&#8243;]<style>.ld_section_title_69dc1df157826 p{font-size:14px;margin-top:0px !important;;margin-bottom:0px !important;;}.ld_section_title_69dc1df157826 h2{font-size:46px;}<\/style><header class=\"fancy-title text-center ld_section_title_69dc1df157826 vc_custom_1716279763781\">\n\t\t<h2 class=\"\">Contactez-nous<\/h2>\t<\/header>[vc_single_image image=&#8221;42&#8243; img_size=&#8221;full&#8221; alignment=&#8221;center&#8221; css=&#8221;.vc_custom_1559301971004{margin-bottom: 25px !important;}&#8221;][\/vc_column][vc_column][vc_row_inner enable_content_animation=&#8221;yes&#8221; equal_height=&#8221;yes&#8221; ca_init_scale_x=&#8221;0.75&#8243; ca_init_scale_y=&#8221;0.75&#8243; ca_init_scale_z=&#8221;1&#8243; ca_init_opacity=&#8221;0&#8243; ca_an_scale_x=&#8221;1&#8243; ca_an_scale_y=&#8221;1&#8243; ca_an_scale_z=&#8221;1&#8243; ca_an_opacity=&#8221;1&#8243; ca_duration=&#8221;1600&#8243; ca_start_delay=&#8221;200&#8243; ca_delay=&#8221;160&#8243;][vc_column_inner offset=&#8221;vc_col-md-6&#8243; responsive_css=&#8221;padding_right_medium:50px|padding_left_medium:50px&#8221; css=&#8221;.vc_custom_1716280414630{padding-top: 45px !important;padding-right: 30px !important;padding-bottom: 45px !important;padding-left: 30px !important;background-color: #3b2525 !important;background-position: center !important;background-repeat: no-repeat !important;background-size: cover !important;border-radius: 5px !important;}&#8221;][vc_column_text css=&#8221;.vc_custom_1716279886194{margin-top: 0px !important;margin-bottom: 0px !important;}&#8221;]<span style=\"color: #ffffff;\">Pour r\u00e9server ou pour toute question, contactez-nous par t\u00e9l\u00e9phone ou par mail. Nous nous ferons un plaisir de vous r\u00e9pondre.<\/span><\/p>\n<p><span style=\"font-size: 19px; line-height: 1.75em; color: rgba(255,255,255,0.75);\">H\u00e9l\u00e8ne &amp; David<\/span><br \/>\n<span style=\"font-size: 19px; line-height: 1.75em; color: rgba(255,255,255,0.75);\">11 bis, Kerasco\u00ebt,<\/span><br \/>\n<span style=\"font-size: 19px; line-height: 1.75em; color: rgba(255,255,255,0.75);\">29 920 NEVEZ<\/span><\/p>\n<p><span style=\"font-size: 19px; line-height: 1.75em; color: rgba(255,255,255,0.75);\">T\u00e9l\u00e9phone : +33 (0)6 38 74 83 23<\/span><\/p>\n<p><span style=\"font-size: 19px; line-height: 1.75em; color: rgba(255,255,255,0.75);\">contact@villakerascoet.com<\/span>[\/vc_column_text][\/vc_column_inner][vc_column_inner offset=&#8221;vc_col-md-6&#8243;][vc_single_image image=&#8221;216&#8243; img_size=&#8221;full&#8221; css=&#8221;&#8221;][\/vc_column_inner][\/vc_row_inner][\/vc_column][\/vc_row]<\/p>\n<\/div>","protected":false},"excerpt":{"rendered":"<p>[vc_row css=&#8221;.vc_custom_1716281337601{margin-top: 100px !important;}&#8221;][vc_column align=&#8221;text-center&#8221;][vc_column_text css=&#8221;&#8221;]Nous nous ferons un plaisir de vous conseiller pour vos&#8230;<\/p>\n","protected":false},"author":1,"featured_media":0,"parent":0,"menu_order":0,"comment_status":"closed","ping_status":"closed","template":"","meta":{"footnotes":""},"_links":{"self":[{"href":"https:\/\/villakerascoet.com\/index.php?rest_route=\/wp\/v2\/pages\/245"}],"collection":[{"href":"https:\/\/villakerascoet.com\/index.php?rest_route=\/wp\/v2\/pages"}],"about":[{"href":"https:\/\/villakerascoet.com\/index.php?rest_route=\/wp\/v2\/types\/page"}],"author":[{"embeddable":true,"href":"https:\/\/villakerascoet.com\/index.php?rest_route=\/wp\/v2\/users\/1"}],"replies":[{"embeddable":true,"href":"https:\/\/villakerascoet.com\/index.php?rest_route=%2Fwp%2Fv2%2Fcomments&post=245"}],"version-history":[{"count":8,"href":"https:\/\/villakerascoet.com\/index.php?rest_route=\/wp\/v2\/pages\/245\/revisions"}],"predecessor-version":[{"id":253,"href":"https:\/\/villakerascoet.com\/index.php?rest_route=\/wp\/v2\/pages\/245\/revisions\/253"}],"wp:attachment":[{"href":"https:\/\/villakerascoet.com\/index.php?rest_route=%2Fwp%2Fv2%2Fmedia&parent=245"}],"curies":[{"name":"wp","href":"https:\/\/api.w.org\/{rel}","templated":true}]}}